vided by 4?
3
What is the remainder when 628 is divided by 281?
66
What is the remainder when 1110 is divided by 77?
32
Calculate the remainder when 31 is divided by 16.
15
What is the remainder when 71 is divided by 16?
7
Calculate the remainder when 1586 is divided by 199.
193
Calculate the remainder when 865 is divided by 178.
153
What is the remainder when 161 is divided by 67?
27
What is the remainder when 39 is divided by 2?
1
What is the remainder when 629 is divided by 45?
44
What is the remainder when 66 is divided by 37?
29
What is the remainder when 198 is divided by 103?
95
Calculate the remainder when 776 is divided by 98.
90
Calculate the remainder when 853 is divided by 66.
61
What is the remainder when 42 is divided by 16?
10
What is the remainder when 1911 is divided by 19?
11
What is the remainder when 950 is divided by 22?
4
Calculate the remainder when 377 is divided by 18.
17
What is the remainder when 189 is divided by 38?
37
Calculate the remainder when 199 is divided by 37.
14
Calculate the remainder when 5984 is divided by 3.
2
Calculate the remainder when 834 is divided by 31.
28
What is the remainder when 143 is divided by 38?
29
Calculate the remainder when 103 is divided by 30.
13
What is the remainder when 297 is divided by 141?
15
Calculate the remainder when 394 is divided by 12.
10
What is the remainder when 69 is divided by 16?
5
What is the remainder when 229 is divided by 29?
26
What is the remainder when 816 is divided by 207?
195
What is the remainder when 11 is divided by 3?
2
Calculate the remainder when 4853 is divided by 6.
5
Calculate the remainder when 95 is divided by 33.
29
What is the remainder when 3305 is divided by 39?
29
What is the remainder when 9 is divided by 3?
0
Calculate the remainder when 197 is divided by 67.
63
What is the remainder when 449 is divided by 38?
31
What is the remainder when 295 is divided by 142?
11
What is the remainder when 1120 is divided by 471?
178
What is the remainder when 157 is divided by 73?
11
What is the remainder when 595 is divided by 589?
6
Calculate the remainder when 145 is divided by 48.
1
Calculate the remainder when 14971 is divided by 7484.
3
Calculate the remainder when 639 is divided by 104.
15
What is the remainder when 1416 is divided by 282?
6
Calculate the remainder when 138 is divided by 30.
18
What is the remainder when 282 is divided by 37?
23
What is the remainder when 669 is divided by 32?
29
What is the remainder when 370 is divided by 53?
52
What is the remainder when 84 is divided by 36?
12
What is the remainder when 498 is divided by 100?
98
What is the remainder when 47 is divided by 40?
7
Calculate the remainder when 638 is divided by 214.
210
What is the remainder when 159 is divided by 18?
15
Calculate the remainder when 2240 is divided by 83.
82
What is the remainder when 511 is divided by 91?
56
What is the remainder when 204 is divided by 25?
4
Calculate the remainder when 120 is divided by 24.
0
Calculate the remainder when 103 is divided by 3.
1
What is the remainder when 1321 is divided by 654?
13
What is the remainder when 316 is divided by 13?
4
Calculate the remainder when 1122 is divided by 53.
9
Calculate the remainder when 1934 is divided by 102.
98
What is the remainder when 482 is divided by 104?
66
Calculate the remainder when 121 is divided by 53.
15
Calculate the remainder when 679 is divided by 2.
1
Calculate the remainder when 309 is divided by 62.
61
Calculate the remainder when 804 is divided by 338.
128
What is the remainder when 175 is divided by 59?
57
What is the remainder when 48 is divided by 13?
9
Calculate the remainder when 623 is divided by 213.
197
What is the remainder when 1078 is divided by 90?
88
Calculate the remainder when 80 is divided by 28.
24
Calculate the remainder when 463 is divided by 16.
15
Calculate the remainder when 578 is divided by 29.
27
Calculate the remainder when 1103 is divided by 92.
91
What is the remainder when 46 is divided by 7?
4
What is the remainder when 863 is divided by 240?
143
Calculate the remainder when 54 is divided by 29.
25
Calculate the remainder when 1205 is divided by 196.
29
Calculate the remainder when 4295 is divided by 1430.
5
What is the remainder when 772 is divided by 13?
5
What is the remainder when 358 is divided by 41?
30
What is the remainder when 30 is divided by 1?
0
What is the remainder when 4336 is divided by 9?
7
What is the remainder when 636 is divided by 29?
27
Calculate the remainder when 97 is divided by 57.
40
Calculate the remainder when 566 is divided by 183.
17
What is the remainder when 378 is divided by 176?
26
Calculate the remainder when 1484 is divided by 45.
44
What is the remainder when 1045 is divided by 511?
23
What is the remainder when 2184 is divided by 9?
6
Calculate the remainder when 82 is divided by 21.
19
Calculate the remainder when 207 is divided by 4.
3
What is the remainder when 53 is divided by 11?
9
Calculate the remainder when 36 is divided by 10.
6
What is the remainder when 109 is divided by 99?
10
Calculate the remainder when 334 is divided by 68.
62
Calculate the remainder when 51 is divided by 13.
12
Calculate the remainder when 93 is divided by 3.
0
Calculate the remainder when 43 is divided by 32.
11
What is the remainder when 1943 is divided by 114?
5
What is the remainder when 96 is divided by 20?
16
Calculate the remainder when 369 is divided by 12.
9
What is the remainder when 142 is divided by 52?
38
Calculate the remainder when 634 is divided by 161.
151
What is the remainder when 83 is divided by 28?
27
Calculate the remainder when 501 is divided by 13.
7
What is the remainder when 1329 is divided by 133?
132
What is the remainder when 295 is divided by 25?
20
What is the remainder when 975 is divided by 8?
7
Calculate the remainder when 342 is divided by 27.
18
Calculate the remainder when 17021 is divided by 38.
35
What is the remainder when 476 is divided by 22?
14
Calculate the remainder when 258 is divided by 114.
30
What is the remainder when 477 is divided by 227?
23
What is the remainder when 698 is divided by 25?
23
What is the remainder when 694 is divided by 100?
94
Calculate the remainder when 611 is divided by 91.
65
What is the remainder when 399 is divided by 135?
129
Calculate the remainder when 833 is divided by 9.
5
Calculate the remainder when 2757 is divided by 8.
5
Calculate the remainder when 518 is divided by 5.
3
What is the remainder when 310 is divided by 82?
64
What is the remainder when 321 is divided by 60?
21
Calculate the remainder when 96 is divided by 60.
36
What is the remainder when 588 is divided by 164?
96
What is the remainder when 858 is divided by 279?
21
What is the remainder when 1681 is divided by 67?
6
What is the remainder when 436 is divided by 74?
66
Calculate the remainder when 144 is divided by 127.
17
Calculate the remainder when 1494 is divided by 23.
22
What is the remainder when 386 is divided by 34?
12
What is the remainder when 489 is divided by 82?
79
What is the remainder when 80 is divided by 44?
36
Calculate the remainder when 1570 is divided by 521.
7
Calculate the remainder when 243 is divided by 90.
63
What is the remainder when 44 is divided by 17?
10
What is the remainder when 97 is divided by 30?
7
What is the remainder when 53 is divided by 31?
22
What is the remainder when 51 is divided by 12?
3
What is the remainder when 165 is divided by 17?
12
Calculate the remainder when 176 is divided by 31.
21
Calculate the remainder when 402 is divided by 27.
24
What is the remainder when 2101 is divided by 67?
24
What is the remainder when 4449 is divided by 278?
1
Calculate the remainder when 27351 is divided by 17.
15
Calculate the remainder when 1540 is divided by 23.
22
What is the remainder when 8059 is divided by 64?
59
Calculate the remainder when 147 is divided by 71.
5
What is the remainder when 317 is divided by 16?
13
What is the remainder when 1065 is divided by 76?
1
Calculate the remainder when 17 is divided by 10.
7
Calculate the remainder when 50 is divided by 27.
23
What is the remainder when 36 is divided by 5?
1
What is the remainder when 497 is divided by 52?
29
What is the remainder when 596 is divided by 76?